32302 is divided by 515486.
12
What is the remainder when 1060386 is divided by 233?
3
Calculate the remainder when 21861 is divided by 209.
125
What is the remainder when 197646 is divided by 639?
195
Calculate the remainder when 885350 is divided by 595.
585
What is the remainder when 1012675 is divided by 315?
265
Calculate the remainder when 2382491 is divided by 340354.
13
Calculate the remainder when 148548 is divided by 787.
592
What is the remainder when 5946423 is divided by 238?
231
What is the remainder when 59612244 is divided by 1525?
1519
What is the remainder when 11579117 is divided by 496?
493
What is the remainder when 4732997 is divided by 1851?
1841
What is the remainder when 63304 is divided by 2921?
1963
Calculate the remainder when 82119069 is divided by 56.
53
What is the remainder when 14421051 is divided by 5359?
5341
Calculate the remainder when 94834 is divided by 413.
257
Calculate the remainder when 219499203 is divided by 3309.
3306
What is the remainder when 949822 is divided by 316598?
28
Calculate the remainder when 23658958 is divided by 1143.
1
Calculate the remainder when 2605201949 is divided by 1450.
1449
Calculate the remainder when 1926687 is divided by 246.
15
Calculate the remainder when 48021038 is divided by 7.
2
What is the remainder when 618905 is divided by 178?
177
Calculate the remainder when 18379758 is divided by 27722.
72
Calculate the remainder when 24885325 is divided by 57.
37
Calculate the remainder when 43357041 is divided by 46.
17
Calculate the remainder when 38868981 is divided by 567.
564
Calculate the remainder when 1237889 is divided by 222.
17
What is the remainder when 2477442 is divided by 684?
678
Calculate the remainder when 24356 is divided by 55.
46
What is the remainder when 7178313 is divided by 1627?
1616
What is the remainder when 99343 is divided by 59?
46
Calculate the remainder when 40080 is divided by 1053.
66
What is the remainder when 2629364 is divided by 265?
34
What is the remainder when 29267794 is divided by 1055?
1039
What is the remainder when 3740759 is divided by 11?
0
Calculate the remainder when 339105 is divided by 4285.
590
What is the remainder when 33527634 is divided by 589?
576
Calculate the remainder when 60004782 is divided by 289.
1
What is the remainder when 1613362 is divided by 294?
184
Calculate the remainder when 1680066 is divided by 839947.
172
Calculate the remainder when 3122378 is divided by 333.
170
What is the remainder when 289276 is divided by 289271?
5
What is the remainder when 191454362 is divided by 63818115?
17
What is the remainder when 3473751 is divided by 881?
849
What is the remainder when 60549 is divided by 60494?
55
Calculate the remainder when 3020119 is divided by 83.
81
What is the remainder when 44390811 is divided by 28?
3
What is the remainder when 230714 is divided by 6099?
5051
What is the remainder when 470596 is divided by 1242?
1120
Calculate the remainder when 191353 is divided by 1506.
91
What is the remainder when 8556608 is divided by 544?
32
What is the remainder when 5470540 is divided by 57584?
60
What is the remainder when 53046 is divided by 259?
210
Calculate the remainder when 1089938 is divided by 3894.
3512
Calculate the remainder when 173468 is divided by 19239.
317
Calculate the remainder when 26517027 is divided by 35.
12
Calculate the remainder when 267286 is divided by 89072.
70
What is the remainder when 1749734 is divided by 552?
446
What is the remainder when 175907677 is divided by 20?
17
What is the remainder when 1679985 is divided by 67199?
10
Calculate the remainder when 150332 is divided by 456.
308
What is the remainder when 6456680 is divided by 2678?
22
What is the remainder when 1072244 is divided by 1306?
18
What is the remainder when 140420 is divided by 68718?
2984
Calculate the remainder when 172027031 is divided by 941.
939
Calculate the remainder when 10434027 is divided by 2486.
285
What is the remainder when 56169669 is divided by 920814?
15
What is the remainder when 136491014 is divided by 23?
21
What is the remainder when 930185 is divided by 4267?
4246
Calculate the remainder when 5664 is divided by 1954.
1756
What is the remainder when 25397853 is divided by 56?
5
Calculate the remainder when 26143246 is divided by 34.
0
Calculate the remainder when 59438 is divided by 29635.
168
What is the remainder when 203460 is divided by 40675?
85
Calculate the remainder when 224122 is divided by 74463.
733
What is the remainder when 4892945 is divided by 2381?
2371
Calculate the remainder when 8288434 is divided by 2348.
2342
What is the remainder when 1533612 is divided by 56797?
93
Calculate the remainder when 5899853 is divided by 600.
53
What is the remainder when 29715 is divided by 31?
17
What is the remainder when 189557559 is divided by 96?
87
Calculate the remainder when 900037 is divided by 150003.
19
Calculate the remainder when 58930 is divided by 7089.
2218
What is the remainder when 1543272 is divided by 945?
87
What is the remainder when 5120093 is divided by 140?
13
What is the remainder when 1911719 is divided by 477929?
3
Calculate the remainder when 419071 is divided by 6651.
58
Calculate the remainder when 3051051 is divided by 1043.
276
What is the remainder when 2499687 is divided by 46289?
81
Calculate the remainder when 168507484 is divided by 63.
61
Calculate the remainder when 2458801 is divided by 1058.
9
Calculate the remainder when 30540530 is divided by 2566.
2564
Calculate the remainder when 3222619 is divided by 549.
538
What is the remainder when 223674 is divided by 343?
38
What is the remainder when 24391799 is divided by 675?
674
Calculate the remainder when 3562543 is divided by 2156.
831
What is the remainder when 17180699 is divided by 146?
3
Calculate the remainder when 2365055 is divided by 2365027.
28
Calculate the remainder when 104323 is divided by 6509.
179
Calculate the remainder when 22515550 is divided by 116.
66
Calculate the remainder when 459389 is divided by 2198.
7
What is the remainder when 348858 is divided by 34769?
1168
Calculate the remainder when 2513787 is divided by 3286.
3283
Calculate the remainder when 30864584 is divided by 15432271.
42
What is the remainder when 874600 is divided by 11818?
68
Calculate the remainder when 951602 is divided by 949.
704
Calculate the remainder when 308770 is divided by 1286.
130
What is the remainder when 2053004 is divided by 291?
290
Calculate the remainder when 58379136 is divided by 263.
237
What is the remainder when 26867888 is divided by 211?
203
Calculate the remainder when 83251 is divided by 27744.
19
Calculate the remainder when 47626126 is divided by 630.
16
What is the remainder when 89868930 is divided by 183?
9
What is the remainder when 58609281 is divided by 1334?
1325
Calculate the remainder when 150102 is divided by 915.
42
Calculate the remainder when 132112 is divided by 969.
328
What is the remainder when 261882 is divided by 1819?
1765
Calculate the remainder when 4792023 is divided by 94.
91
What is the remainder when 60145 is divided by 1179?
16
What is the remainder when 82728 is divided by 80642?
2086
What is the remainder when 89497 is divided by 119?
9
What is the remainder when 3957798 is divided by 232809?
45
Calculate the remainder when 25795281 is divided by 25795280.
1
Calculate the remainder when 40676 is divided by 10161.
32
What is the remainder when 27998423 is divided by 18?
17
What is the remainder when 6476125 is divided by 2877?
2875
Calculate the remainder when 22073842 is divided by 27.
19
Calculate the remainder when 297691238 is divided by 140.
138
Calculate the remainder when 543426 is divided by 22524.
2850
Calculate the remainder when 7662 is divided by 841.
93
What is the remainder when 1002467930 is divided by 27?
23
What is the remainder when 112861182 is divided by 15?
12
What is the remainder when 81087 is divided by 27023?
18
What is the remainder when 751029 is divided by 13907?
51
Calculate the remainder when 13562476 is divided by 281.
11
What is the remainder when 156209 is divided by 77934?
341
Calculate the remainder when 120685996 is divided by 163.
144
Calculate the remainder when 65337 is divided by 605.
602
Wh